{"id":2,"date":"2017-09-05T16:53:22","date_gmt":"2017-09-05T16:53:22","guid":{"rendered":"http:\/\/aubonheurdujour-palaiseau.fr\/?page_id=2"},"modified":"2025-01-18T21:12:45","modified_gmt":"2025-01-18T20:12:45","slug":"infos","status":"publish","type":"page","link":"https:\/\/aubonheurdujour-palaiseau.fr\/?page_id=2","title":{"rendered":"Infos pratiques"},"content":{"rendered":"<p><strong>Horaires d&rsquo;ouverture :<\/strong><br \/>\ndu mardi au samedi : 10h &#8211; 13h \/ 15h &#8211; 19h<br \/>\ndimanche, lundi : ferm\u00e9<\/p>\n<p><strong>Cong\u00e9s<\/strong> du samedi 25 janvier au samedi 1er f\u00e9vrier 2025 inclus<\/p>\n<p><strong>Contacts :<\/strong><br \/>\npar t\u00e9l\u00e9phone : 01.60.11.48.07<br \/>\npar mail : aubonheurdujour@orange.fr<\/p>\n<p><strong>Adresse :<\/strong><br \/>\n47 rue de Paris, 91120 Palaiseau<br \/>\npar le RER B arr\u00eat Palaiseau<\/p>\n<p><img loading=\"lazy\" decoding=\"async\" class=\"aligncenter wp-image-40 size-full\" src=\"https:\/\/aubonheurdujour-palaiseau.fr\/wp-content\/uploads\/2018\/02\/map.png\" alt=\"\" width=\"1043\" height=\"853\" srcset=\"https:\/\/aubonheurdujour-palaiseau.fr\/wp-content\/uploads\/2018\/02\/map.png 1043w, https:\/\/aubonheurdujour-palaiseau.fr\/wp-content\/uploads\/2018\/02\/map-300x245.png 300w, https:\/\/aubonheurdujour-palaiseau.fr\/wp-content\/uploads\/2018\/02\/map-768x628.png 768w, https:\/\/aubonheurdujour-palaiseau.fr\/wp-content\/uploads\/2018\/02\/map-1024x837.png 1024w\" sizes=\"auto, (max-width: 767px) 89vw, (max-width: 1000px) 54vw, (max-width: 1071px) 543px, 580px\" \/><\/p>\n","protected":false},"excerpt":{"rendered":"<p>Horaires d&rsquo;ouverture : du mardi au samedi : 10h &#8211; 13h \/ 15h &#8211; 19h dimanche, lundi : ferm\u00e9 Cong\u00e9s du samedi 25 janvier au samedi 1er f\u00e9vrier 2025 inclus Contacts : par t\u00e9l\u00e9phone : 01.60.11.48.07 par mail : aubonheurdujour@orange.fr Adresse : 47 rue de Paris, 91120 Palaiseau par le RER B arr\u00eat Palaiseau<\/p>\n","protected":false},"author":1,"featured_media":0,"parent":0,"menu_order":0,"comment_status":"closed","ping_status":"open","template":"","meta":{"footnotes":""},"class_list":["post-2","page","type-page","status-publish","hentry"],"_links":{"self":[{"href":"https:\/\/aubonheurdujour-palaiseau.fr\/index.php?rest_route=\/wp\/v2\/pages\/2","targetHints":{"allow":["GET"]}}],"collection":[{"href":"https:\/\/aubonheurdujour-palaiseau.fr\/index.php?rest_route=\/wp\/v2\/pages"}],"about":[{"href":"https:\/\/aubonheurdujour-palaiseau.fr\/index.php?rest_route=\/wp\/v2\/types\/page"}],"author":[{"embeddable":true,"href":"https:\/\/aubonheurdujour-palaiseau.fr\/index.php?rest_route=\/wp\/v2\/users\/1"}],"replies":[{"embeddable":true,"href":"https:\/\/aubonheurdujour-palaiseau.fr\/index.php?rest_route=%2Fwp%2Fv2%2Fcomments&post=2"}],"version-history":[{"count":13,"href":"https:\/\/aubonheurdujour-palaiseau.fr\/index.php?rest_route=\/wp\/v2\/pages\/2\/revisions"}],"predecessor-version":[{"id":111,"href":"https:\/\/aubonheurdujour-palaiseau.fr\/index.php?rest_route=\/wp\/v2\/pages\/2\/revisions\/111"}],"wp:attachment":[{"href":"https:\/\/aubonheurdujour-palaiseau.fr\/index.php?rest_route=%2Fwp%2Fv2%2Fmedia&parent=2"}],"curies":[{"name":"wp","href":"https:\/\/api.w.org\/{rel}","templated":true}]}}